
True
Is 1976378 a multiple of 878?
True
Does 219 divide 290956?
False
Is 11 a factor of 652297?
False
Is 19 a factor of 104253?
True
Does 7 divide 2696?
False
Is 74 a factor of 305250?
True
Does 13 divide 529455?
False
Is 46 a factor of 1212780?
False
Is 20 a factor of 14692060?
True
Does 1534 divide 7341959?
False
Is 16 a factor of 18243344?
True
Is 9752357 a multiple of 25?
False
Does 11 divide 1554399?
True
Does 16 divide 821984?
True
Does 4 divide 1288?
True
Does 6 divide 222486?
True
Does 81 divide 1221075?
True
Is 87 a factor of 309198?
True
Is 25 a factor of 3520250?
True
Is 78423 a multiple of 7?
False
Is 4451376 a multiple of 17?
False
Does 20 divide 152054?
False
Is 162 a factor of 20385205?
False
Does 2 divide 174303?
False
Is 55 a factor of 3740825?
True
Is 52260 a multiple of 670?
True
Does 15 divide 57570?
True
Does 473 divide 14831861?
True
Is 4295525 a multiple of 272?
False
Is 315706 a multiple of 7?
False
Is 47 a factor of 1752575?
False
Does 68 divide 2192728?
True
Does 10 divide 135403?
False
Is 162056 a multiple of 376?
True
Does 15 divide 60195?
True
Is 27 a factor of 13421028?
False
Is 413511 a multiple of 679?
True
Does 356 divide 608099?
False
Is 34 a factor of 396372?
True
Is 863456 a multiple of 176?
True
Does 108 divide 130511?
False
Is 7 a factor of 20608?
True
Is 1815629 a multiple of 13?
False
Is 11 a factor of 140833?
True
Is 214559 a multiple of 36?
False
Is 15000596 a multiple of 400?
False
Is 20367 a multiple of 3?
True
Is 17 a factor of 392802?
True
Is 12985245 a multiple of 22?
False
Is 426844 a multiple of 22?
True
Is 53 a factor of 3062978?
False
Is 2535178 a multiple of 170?
False
Is 9 a factor of 12410?
False
Is 315814 a multiple of 160?
False
Is 75 a factor of 795150?
True
Is 117 a factor of 1874925?
True
Does 22 divide 2076578?
False
Is 133008 a multiple of 326?
True
Does 88 divide 68505?
False
Is 11717 a multiple of 11?
False
Is 103 a factor of 3521776?
True
Is 9728 a multiple of 38?
True
Does 45 divide 797335?
False
Is 19975893 a multiple of 1641?
True
Is 103 a factor of 1335135?
False
Is 19983375 a multiple of 31?
True
Does 413 divide 237888?
True
Is 492966 a multiple of 537?
True
Is 176 a factor of 20416?
True
Does 25 divide 56615?
False
Is 156714 a multiple of 2?
True
Is 7 a factor of 1788437?
True
Does 105 divide 2840690?
False
Is 797253 a multiple of 190?
False
Is 6 a factor of 11352?
True
Does 15 divide 11519730?
True
Does 864 divide 1508968?
False
Is 4191095 a multiple of 62?
False
Is 9 a factor of 240858?
True
Does 511 divide 1132950?
False
Does 27 divide 1054122?
False
Is 14 a factor of 2467374?
True
Does 26 divide 96720?
True
Does 142 divide 1690079?
False
Is 2 a factor of 76319?
False
Is 138171 a multiple of 3?
True
Is 194180 a multiple of 76?
True
Does 664 divide 519248?
True
Is 38 a factor of 6461054?
False
Is 9 a factor of 209628?
True
Does 136 divide 198554?
False
Does 116 divide 52129?
False
Does 4 divide 141369?
False
Is 21201 a multiple of 43?
False
Is 800 a factor of 134322?
False
Is 30 a factor of 1246260?
True
Is 135575 a multiple of 145?
True
Does 9 divide 1095802?
False
Is 150634 a multiple of 330?
False
Does 187 divide 1644104?
True
Is 88 a factor of 2506592?
True
Is 2513302 a multiple of 448?
False
Does 35 divide 4330388?
False
Is 106440 a multiple of 12?
True
Is 494064 a multiple of 73?
True
Does 7 divide 1113770?
True
Is 1448662 a multiple of 29?
False
Is 5632838 a multiple of 23?
True
Is 27027569 a multiple of 2281?
True
Is 47 a factor of 30381411?
True
Does 304 divide 3193520?
True
Does 49 divide 2525575?
False
Is 596322 a multiple of 27?
True
Is 1772640 a multiple of 48?
True
Is 17 a factor of 3674826?
False
Does 44 divide 45320?
True
Is 11 a factor of 58736?
False
Is 6 a factor of 401115?
False
Is 352200 a multiple of 60?
True
Is 519310 a multiple of 3?
False
Is 21 a factor of 224574?
True
Is 1079840 a multiple of 85?
True
Is 32 a factor of 361347?
False
Does 45 divide 701460?
True
Is 72314 a multiple of 57?
False
Is 2445497 a multiple of 254?
False
Is 46 a factor of 1398078?
True
Is 8838337 a multiple of 91?
False
Is 460953 a multiple of 381?
False
Is 13386215 a multiple of 59?
True
Does 29 divide 586643?
False
Is 324 a factor of 2009807?
False
Is 81774 a multiple of 63?
True
Is 181165 a multiple of 19?
True
Is 246373 a multiple of 170?
False
Does 62 divide 383656?
True
Is 1041696 a multiple of 154?
False
Is 6430914 a multiple of 371?
True
Does 18 divide 230202?
True
Does 113 divide 232356?
False
Does 294 divide 963144?
True
Is 125 a factor of 2428375?
True
Does 1076 divide 15624300?
False
Is 3512082 a multiple of 362?
False
Is 2006075 a multiple of 67?
False
Does 17 divide 153757?
False
Does 41 divide 523570?
True
Is 30281632 a multiple of 32?
True
Does 7 divide 44713?
False
Is 103360 a multiple of 323?
True
Is 17 a factor of 3258573?
False
Is 151 a factor of 798186?
True
Is 331 a factor of 1740398?
True
Does 1453 divide 3049847?
True
Is 3657097 a multiple of 10?
False
Is 18 a factor of 70874?
False
Does 11 divide 457875?
True
Does 1499 divide 10458523?
True
Is 131 a factor of 12071519?
True
Is 41 a factor of 10091477?
False
Does 2 divide 647783?
False
Is 309 a factor of 150483?
True
Is 14 a factor of 615591?
False
Is 68 a factor of 5174324?
True
Is 8 a factor of 322551?
False
Does 301 divide 933846?
False
Is 18 a factor of 368604?
True
Is 75 a factor of 6833607?
False
Is 19026640 a multiple of 100?
False
Does 72 divide 2979072?
True
Is 25 a factor of 49370?
False
Does 6 divide 152040?
True
Is 3695 a multiple of 22?
False
Does 9 divide 314127?
True
Is 303 a factor of 921822?
False
Does 11 divide 55132?
True
Does 23 divide 31235?
False
Is 1889 a factor of 6981283?
False
Is 9 a factor of 4985581?
False
Does 2 divide 132732?
True
Is 44 a factor of 613501?
False
Does 82 divide 251437?
False
Does 28 divide 349013?
False
Is 3801425 a multiple of 2?
False
Is 7 a factor of 2626169?
True
Is 40 a factor of 8833544?
False
Is 12 a factor of 20664?
True
Is 61919 a multiple of 73?
False
Is 12174441 a multiple of 4?
False
Does 10 divide 132798?
False
Does 624 divide 888975?
False
Is 13975036 a multiple of 32?
False
Does 1271 divide 13986499?
False
Is 8219120 a multiple of 1820?
True
Is 14 a factor of 442158?
False
Is 420966 a multiple of 13?
True
Is 511299 a multiple of 52?
False
Does 90 divide 139116?
False
Does 79 divide 2100640?
False
Is 34047 a multiple of 22?
False
Is 10918 a multiple of 39?
False
Does 215 divide 81915?
True
Does 5 divide 84883?
False
Does 19 divide 405748?
False
Is 66455 a multiple of 18?
False
Does 139 divide 264656?
True
Is 71 a factor of 56729?
True
Is 608626 a multiple of 202?
True
Does 120 divide 2144669?
False
Does 1355 divide 18580173?
False
Is 88943 a multiple of 27?
False
Is 15 a factor of 3323563?
False
Is 457648 a multiple of 4?
True
Is 6 a factor of 19170?
True
Is 29646 a multiple of 5?
False
Is 23464 a multiple of 7?
True
Is 2936431 a multiple of 49?
False
Is 785492 a multiple of 45?
False
Is 78657 a multiple of 31?
False
Is 318500 a multiple of 243?
False
Does 617 divide 474638?
False
Is 1146642 a multiple of 21?
True
Is 1816500 a multiple of 105?
True
Is 87 a factor of 645975?
True
Is 26538534 a multiple of 25?
False
Does 22 divide 56567?
False
Is 153216 a multiple of 56?
True
Is 389 a factor of 752146?
False
Does 77 divide 16247?
True
Is 271398 a multiple of 48?
False
Is 9157560 a multiple of 804?
True
Is 347 a factor of 306620?
False
Is 47 a factor of 665755?
True
Is 845 a factor of 2615598?
False
Is 1807584 a multiple of 456?
True
Is 253 a factor of 2367847?
False
Is 1990409 a multiple of 690?
False
Is 68385 a multiple of 235?
True
Does 14 divide 3488044?
True
Does 33 divide 133363?
False
Is 175 a factor of 5932895?
False
Is 2348744 a multiple of 16?
False
Is 299712 a multiple of 448?
True
Does 7 divide 6004652?
False
Is 9 a factor of 3786649?
False
Is 119574 a multiple of 26?
True
Does 3 divide 81552?
True
Is 13 a factor of 717522?
True
Is 189 a factor of 2108514?
False
Is 169728 a multiple of 34?
True
Is 28 a factor of 1975266?
False
Is 52780 a multiple of 203?
True
Is 2 a factor of 10769?
False
Does 17 divide 79849?
True
Does 6 divide 18651?
False
Is 403021 a multiple of 460?
False
Does 413 divide 68682?
False
Is 2 a factor of 69429